061506107 a multiple of 57?
False
Is 5018175 a multiple of 12?
False
Is 1672645988 a multiple of 3659?
True
Does 3249 divide 2699123121?
False
Is 290966066 a multiple of 11?
False
Is 47070788 a multiple of 12?
False
Does 4838 divide 890966080?
True
Is 5062 a factor of 323370684?
True
Is 1338082214 a multiple of 5917?
True
Is 38 a factor of 443984440?
False
Is 192 a factor of 2817174877?
False
Does 104 divide 2633384?
True
Is 8 a factor of 5858576?
True
Is 2878 a factor of 364233650?
False
Is 2648395266 a multiple of 11209?
True
Is 2649632 a multiple of 460?
False
Is 50 a factor of 2317654100?
True
Is 317241333 a multiple of 27?
True
Does 26 divide 1469390?
True
Is 1747170 a multiple of 973?
False
Is 117692005 a multiple of 5?
True
Is 74 a factor of 150333738?
True
Is 98559688 a multiple of 1532?
True
Is 25086004 a multiple of 39?
False
Is 4685472 a multiple of 99?
True
Is 3529070 a multiple of 9?
False
Is 29 a factor of 12122116?
True
Is 163 a factor of 100031072?
False
Does 27 divide 37874143?
False
Is 160 a factor of 215544320?
True
Does 3 divide 8266053?
True
Does 54 divide 1511730?
True
Is 18464974 a multiple of 22?
True
Does 14 divide 240661470?
True
Is 9 a factor of 5330639196?
True
Does 173 divide 287133046?
False
Is 110628904 a multiple of 908?
True
Is 7129580172 a multiple of 66?
True
Is 17 a factor of 2200542186?
True
Is 30 a factor of 531930328?
False
Does 4010 divide 2967632580?
True
Is 67547697 a multiple of 569?
True
Is 36 a factor of 11704752?
True
Is 139817652 a multiple of 12?
True
Is 293477838 a multiple of 43?
True
Is 1203077968 a multiple of 6008?
True
Is 3326 a factor of 507271542?
True
Is 165 a factor of 1649777415?
True
Is 264 a factor of 48181056?
True
Is 30 a factor of 321914180?
False
Is 31846805 a multiple of 254?
False
Is 2395643110 a multiple of 2573?
True
Is 139920878 a multiple of 9?
False
Is 98 a factor of 1068333378?
True
Is 34084111 a multiple of 257?
True
Is 178137926 a multiple of 4191?
False
Does 1000 divide 45744000?
True
Does 182 divide 1164254?
True
Is 513866695 a multiple of 30?
False
Is 4358550140 a multiple of 1970?
True
Is 561232280 a multiple of 65?
False
Does 2124 divide 292636269?
False
Is 1062095928 a multiple of 6456?
True
Is 5 a factor of 16577281?
False
Does 11 divide 1335529613?
True
Is 13447407 a multiple of 66?
False
Does 1065 divide 321587?
False
Does 1129 divide 4424168269?
True
Is 5 a factor of 15316670?
True
Is 87136236 a multiple of 2126?
True
Is 29111519 a multiple of 170?
False
Is 4972237 a multiple of 2?
False
Does 69 divide 34168869?
True
Does 589 divide 112315821?
True
Is 18 a factor of 934353198?
True
Is 41 a factor of 1352480899?
True
Is 123 a factor of 4075605?
True
Is 85861600 a multiple of 20?
True
Is 913200827 a multiple of 173?
False
Is 41 a factor of 6144670?
True
Is 272877984 a multiple of 72?
True
Does 37 divide 61854265?
False
Is 25467696 a multiple of 27?
True
Does 12 divide 5020479252?
True
Is 20 a factor of 124244362?
False
Does 57 divide 225353861?
False
Is 13714954 a multiple of 374?
True
Does 20 divide 538608000?
True
Is 117 a factor of 5338807461?
True
Does 1340 divide 317699797?
False
Is 104 a factor of 606463936?
True
Does 25 divide 22438036?
False
Does 343 divide 14426934?
False
Does 11357 divide 785766946?
False
Is 1368 a factor of 79232162?
False
Is 1628084020 a multiple of 863?
True
Does 3 divide 52425045?
True
Is 3 a factor of 528563259?
True
Is 1513252160 a multiple of 8?
True
Is 14879363 a multiple of 32?
False
Is 246951804 a multiple of 212?
True
Is 865 a factor of 205997854?
False
Is 38670440 a multiple of 2426?
True
Is 25731592 a multiple of 91?
False
Is 201 a factor of 43364243?
False
Is 27 a factor of 354358584?
True
Does 1551 divide 649169499?
True
Is 5 a factor of 372662446?
False
Is 53724919 a multiple of 71?
True
Is 26822195 a multiple of 10?
False
Does 264 divide 2815007932?
False
Is 687728035 a multiple of 279?
False
Is 618 a factor of 11840880?
True
Does 143 divide 67768222?
False
Does 278 divide 176988952?
False
Does 27 divide 24264?
False
Does 1563 divide 103217394?
True
Does 193 divide 95583304?
False
Is 10314720 a multiple of 304?
True
Is 1563 a factor of 10362690?
True
Does 813 divide 1255925348?
False
Does 707 divide 158170040?
True
Is 180 a factor of 43396738?
False
Does 870 divide 13422341?
False
Does 13 divide 51678614?
True
Is 375859811 a multiple of 848?
False
Is 1237401945 a multiple of 7605?
True
Is 3064529972 a multiple of 90?
False
Does 247 divide 14607050?
False
Is 7681080 a multiple of 1518?
True
Is 49 a factor of 36034306?
True
Is 110298886 a multiple of 3592?
False
Does 5 divide 178012904?
False
Does 56 divide 825531?
False
Does 1006 divide 184263990?
True
Is 27203796 a multiple of 22?
False
Does 211 divide 478690003?
True
Is 40 a factor of 50261480?
True
Is 54 a factor of 101743560?
True
Is 421261933 a multiple of 147?
False
Is 890 a factor of 3402784170?
True
Does 7 divide 118515285?
True
Does 821 divide 67827302?
False
Is 772 a factor of 1333521049?
False
Is 77872032 a multiple of 224?
True
Is 76 a factor of 3152257928?
True
Does 8 divide 1082471032?
True
Does 50 divide 6209491?
False
Is 113566357 a multiple of 4203?
False
Is 102 a factor of 1642219048?
False
Does 56 divide 7827288?
True
Is 57026880 a multiple of 3?
True
Is 816 a factor of 769543738?
False
Does 1730 divide 40238070?
True
Is 50670143 a multiple of 155?
False
Does 157 divide 215041941?
False
Is 1697161863 a multiple of 8637?
True
Is 176987731 a multiple of 232?
False
Does 2 divide 7758053?
False
Is 3630612 a multiple of 12?
True
Is 1463505387 a multiple of 65?
False
Is 16 a factor of 488076854?
False
Does 8519 divide 233914702?
True
Is 81497491 a multiple of 396?
False
Is 10508906 a multiple of 130?
False
Is 1632 a factor of 59737728?
True
Does 1018 divide 219482066?
False
Does 175 divide 304133082?
False
Is 35 a factor of 663250190?
False
Is 209554660 a multiple of 6?
False
Is 50224545 a multiple of 51?
True
Is 3704 a factor of 254990768?
True
Does 69 divide 5612529?
True
Does 5011 divide 136395222?
False
Does 63 divide 37270847?
False
Is 1055 a factor of 1123236345?
True
Is 31 a factor of 26917858?
True
Is 154733201 a multiple of 320?
False
Is 245 a factor of 163750160?
True
Does 11 divide 2394520887?
True
Does 32 divide 2278745846?
False
Does 3745 divide 864158750?
True
Is 928 a factor of 7985440?
True
Is 4432612968 a multiple of 168?
True
Is 604 a factor of 802647144?
True
Does 522 divide 20818274?
False
Is 61 a factor of 101852539?
False
Does 31 divide 10913756?
False
Is 103004496 a multiple of 51?
True
Is 41769986 a multiple of 42?
False
Does 12 divide 581147637?
False
Is 94 a factor of 10570300?
True
Is 68 a factor of 8465388?
True
Does 771 divide 2207476314?
True
Is 396878204 a multiple of 1682?
False
Is 888921991 a multiple of 3954?
False
Does 129 divide 54643037?
False
Does 1095 divide 332763930?
True
Is 136477891 a multiple of 369?
False
Is 362 a factor of 287273426?
True
Is 618476481 a multiple of 2273?
True
Does 17 divide 384385867?
False
Does 308 divide 480046379?
False
Is 69 a factor of 1171700174?
False
Is 2401988285 a multiple of 79?
True
Is 156124248 a multiple of 12?
True
Is 9605232 a multiple of 84?
True
Does 127 divide 20791297?
True
Is 60090174 a multiple of 18?
True
Is 577 a factor of 3910550?
False
Is 217311757 a multiple of 13?
True
Is 34040526 a multiple of 251?
False
Is 40729858 a multiple of 350?
False
Is 165 a factor of 61715937?
False
Is 182 a factor of 4719078?
True
Is 8725078 even?
True
Is 314 a factor of 639275814?
False
Is 4 a factor of 195481493?
False
Does 19 divide 588848703?
True
Does 272 divide 156339344?
True
Is 4 a factor of 365967358?
False
Is 126 a factor of 129458700?
True
Does 147 divide 34243541?
False
Is 25 a factor of 8723900?
True
Is 119591856 a multiple of 9?
True
Does 6 divide 27943445?
False
Is 35 a factor of 891145?
False
Does 8419 divide 2314189463?
True
Does 14 divide 212435798?
False
Is 41033152 a multiple of 69?
False
Is 54266584 a multiple of 1292?
True
Is 382460330 a multiple of 1610?
True
Is 3 a factor of 795235781?
False
Is 37 a factor of 25672043?
True
Does 2 divide 2536340?
True
Is 348 a factor of 21561338?
False
Is 510785223 a multiple of 11?
False
Is 865981480 a multiple of 8?
True
Is 2 